git of s?
1
Suppose -7*b - 147 = -497. Suppose 3*j - b = -5*x + 643, 0 = -3*j - 2*x + 684. What is the tens digit of j?
2
Let b = -4256 + 5065. What is the hundreds digit of b?
8
Let f = 7413 - -1409. What is the thousands digit of f?
8
Let t = 66 - 39. Suppose 0 = r - 4*o + 3, 33*o + 12 = 2*r + 34*o. Let n = r + t. What is the tens digit of n?
3
Let f(b) = 120*b**2 + 21*b + 93. What is the thousands digit of f(-5)?
2
Let q(k) = 11*k + 18. Let p(n) = -5*n - 9. Let f(b) = -13*p(b) - 6*q(b). Let d be f(5). Suppose -d*o = -163 + 55. What is the tens digit of o?
2
What is the ten thousands digit of 4/(-6) + (-3082408)/(-168) + (-12)/(-1)?
1
Let g(b) = b + 5. Let a be g(3). What is the units digit of ((-112)/35)/a*-160?
4
Suppose 6 = -g + 4*g. Let l be (-2)/6*(25 + -19) - (-8 - -3). What is the units digit of (l - 129/6)/(g/(-4))?
7
Let v = 6572 - 5395. What is the units digit of v?
7
Let r(x) be the second derivative of x**4/6 - 5*x**3/3 + 5*x**2 - 3*x. Let b be r(14). Let y = b + -168. What is the units digit of y?
4
Let h(q) = 3*q**2 + 55*q - 3951. What is the tens digit of h(-118)?
3
Let c = -2351 - -10087. Suppose -15*j - c = -23*j. What is the tens digit of j?
6
Let y(m) = 7*m**2 + m + 5. Let f be 146/(-7) + 0 + (-5)/35. Let u = -24 - f. What is the tens digit of y(u)?
6
Let k = 491 + -258. Let d be 3/((-631)/(-157) - 4). Let g = k - d. What is the units digit of g?
6
Let l = 9331 + -4465. What is the tens digit of l?
6
Suppose 37 = 7*i - 348. Let y be (-2)/(-8)*11/(i/60). Suppose -5*w - 2*q + 186 = -2*w, -y*q - 137 = -2*w. What is the tens digit of w?
6
Let p(k) = 72*k**2 - 9*k + 14. Let b(y) = 24*y**2 - 3*y + 5. Let f(h) = -11*b(h) + 4*p(h). Let x be f(1). What is the units digit of (-58)/(-4) + 11/x?
5
Let i(k) = -4379*k + 72. What is the ten thousands digit of i(-19)?
8
Let b(m) = 16135*m**2 - 9*m + 9. What is the ten thousands digit of b(1)?
1
Let m = -221 + 218. What is the units digit of (-5)/45*m*384?
8
Suppose -20*i = -28*i + 16. Suppose -i = 2*o, -u = -5*u - 3*o + 1293. What is the hundreds digit of u?
3
Let h(k) = k**2 - 4*k + 1. Suppose -2*y - 4*y + 30 = 0. Let r be h(y). What is the units digit of ((-14)/r + 3)*291/2?
7
Let x = -13 - -22. Let s(m) = 128*m - 232. Let y(q) = -23*q + 42. Let v(k) = -5*s(k) - 28*y(k). What is the tens digit of v(x)?
2
Let g(m) = 73*m**2 + 47*m + 554. What is the tens digit of g(28)?
0
Suppose 4*b = 638 + 3018. Suppose 37*d = 1158 + b. What is the units digit of d?
6
Let p(m) = -m**3 + 2. Let t be p(0). Suppose 2*y + 4*b = 2566, 22 = t*b + 28. What is the tens digit of y?
8
Let d(x) = 46*x - 4. Let b be d(6). Suppose -366*n = -378*n - 888. Let s = b + n. What is the hundreds digit of s?
1
Suppose i + 3 = 14. Suppose -24825 = i*a - 26*a. What is the hundreds digit of a?
6
Let t = -635 - -708. Suppose -41 = -y - 3*j, t = 5*y - 3*y + 3*j. What is the tens digit of y?
3
Let u be (-57)/(-38)*(-3)/(9/14). Let c = 3 - u. Suppose 0 = 3*b - y - 6, -5*b + c = -0*y - 2*y. What is the units digit of b?
2
Suppose -15*h + 20*h = x - 952, 3*x + 4*h = 2913. What is the hundreds digit of x?
9
Suppose -10*h = -8*h + 12*h - 5586. What is the units digit of h?
9
Suppose -5*d - 377 = 723. Let x = d - -245. What is the units digit of x?
5
Let y be 836/(-3)*(-2 - 3/(-6)). Let a = -98 + y. What is the tens digit of a?
2
Let d(w) = 2*w**2 - 2*w + 80. Let s(x) = x**3 + 4*x**2 + 2*x - 3. Let g be s(-3). Suppose g = -j + 6*j. What is the units digit of d(j)?
0
Suppose -r - r = 0. Suppose r*l = -3*x - 5*l + 1342, 4*l = 2*x - 924. What is the tens digit of x?
5
Suppose -13*l - 1942 = -174. Let y = l - -477. What is the units digit of y?
1
Suppose 6*d - 48 = -30. Suppose 2*q = d*t + 813, t + 0*t + 407 = q. What is the hundreds digit of q?
4
Suppose 48*z - 21479 - 32617 = 0. What is the hundreds digit of z?
1
Suppose 6*m = 76027 + 2597. Suppose 0 = -31*c + 44*c - m. What is the hundreds digit of c?
0
Let m(r) = -314*r + 336. Let f be m(-11). Suppose 2*a - 3034 = -4*o, 19*a - 14*a = -5*o + f. What is the hundreds digit of o?
7
Let i(q) = -q**2 + 7*q - 2. Let y be i(6). Let w be ((-1984)/40)/(y/(-10)). Suppose -4*h = w - 624. What is the units digit of h?
5
Suppose 0*z = -4*z + 47912. Suppose -14*v - 3676 = -z. What is the tens digit of v?
9
Suppose 2*p = -3*a - p - 180, 2*p = -5*a - 303. Let m = a - 133. Let b = m - -271. What is the tens digit of b?
7
Suppose 64922 = 88*m - 28534. What is the tens digit of m?
6
Let o = 111 + -27. Let l be o/(-22) + 4/(-22). What is the tens digit of 56/((-18)/(-4) + l)?
1
Let q be 32/6*42/4. Suppose 2*i + 5*y + 44 = 10, -4*i - 4*y - 56 = 0. Let f = q + i. What is the tens digit of f?
4
What is the units digit of ((-144)/21)/4*4138463/(-166)?
8
Let v(o) = o**3 - 7*o**2 + 3*o - 17. Let s be v(7). Suppose s*q - 1655 + 91 = 0. What is the tens digit of q?
9
Let s(b) = b**2 + 2*b - 5. Let n be s(-4). Suppose -1404 = -2*x - 5*l, 3548 = 2*x + n*x + 3*l. What is the tens digit of x?
1
Let t(y) = 114*y + 22. Let l be t(-3). Let x = 11 - l. What is the hundreds digit of x?
3
Suppose -b - 112 = 22. Let f = b + 452. What is the tens digit of f?
1
Suppose 4*k - 45510 = -4*k - 974. What is the thousands digit of k?
5
Suppose 0 = -14*y + 14345 + 19885. Suppose -3*a = 3*x - 1491, -5*a - x + y = -6*x. What is the tens digit of a?
9
Let d = 4145 + -1786. Suppose x - d = -6*x. What is the tens digit of x?
3
Suppose 200*p - 4540553 + 2675011 - 3923458 = 0. What is the units digit of p?
5
What is the tens digit of -3 + -13 + 11 + -7 + 37477?
6
What is the units digit of 3 + 16/(-2) + 5470?
5
Suppose -327*w + 66110 = -316*w. What is the units digit of w?
0
Let a be 8*(-4)/(-8) - 33*-79. What is the units digit of (a/(-4) - (-15)/20)/(-2)?
6
Let h(k) = 93*k**2 - 49 + 29 - 92*k**2 + 5*k + 23. Let t be (-30)/4 + (-1)/2. What is the tens digit of h(t)?
2
Let d(c) = -4*c - 22. Let o be d(17). Let v = o + 13. What is the tens digit of v*2*(-1)/2?
7
Suppose i - 388 = -385. What is the units digit of ((-2)/i)/((-34)/32793)?
3
Suppose 3*y - 5*p - 31151 = 0, -3*p + 2332 - 23101 = -2*y. What is the thousands digit of y?
0
Let s(i) = -i**3 - 12*i**2 + 11*i + 4. Let b be s(-13). Let n be (b/12)/((-4)/(-152)). Let u = n - -24. What is the tens digit of u?
1
Suppose 7*g - 4*g - 5*i - 15 = 0, 3*i = -5*g + 25. Suppose s - 4*s + 2*n - 404 = 0, -5*n + g = 0. Let p = 236 + s. What is the tens digit of p?
0
Let y(c) = 6968*c + 1046. What is the ten thousands digit of y(6)?
4
Let o(i) = -785*i + 947. What is the hundreds digit of o(-8)?
2
Suppose 45*c + 2*x - 20892 = 42*c, 0 = 3*c - 2*x - 20904. What is the thousands digit of c?
6
Let t(l) = 39*l + 82. Suppose -3 = -5*y - 4*o + o, 4*o = y - 19. What is the hundreds digit of t(y)?
1
Let g(j) = -120*j**3 - 11*j**2 + 48*j + 164. What is the units digit of g(-6)?
0
Let g be 1/(-5)*1 + (-2)/(-10). Suppose 0 = -4*a - 2*s - 66, g*a - 15 = a + s. Let k(b) = -9*b - 43. What is the tens digit of k(a)?
1
Suppose -2*y + 3*u = -63661, -5*y + 159205 = 85*u - 82*u. What is the tens digit of y?
3
Let j = 1904 - 1311. Let f = j - -673. What is the hundreds digit of f?
2
Suppose 0 = -54*b - 955 - 1475. Let v(h) = -8*h**2 - 2*h + 1. Let s be v(2). Let i = s - b. What is the units digit of i?
0
Let u(t) = -736*t + 42. Let p be u(-3). Let o = -1265 + p. What is the units digit of o?
5
Let g = 5010 + -1563. What is the hundreds digit of g?
4
Suppose -219 = 5*t - 19. Let b = t + 115. What is the units digit of b?
5
Let g(q) = 5016*q**2 + 32*q + 36. What is the thousands digit of g(-1)?
5
Suppose -3*u - 22*z + 3968 = -23*z, -3952 = -3*u + 5*z. What is the tens digit of u?
2
Suppose 46*s - 2391 = 43*s. Suppose 5*a - 2*r - 5002 = -s, 0 = 4*a + 4*r - 3364. What is the hundreds digit of a?
8
Let k = -22728 - -30103. What is the tens digit of k?
7
Suppose -40*r + 25*r = 61*r - 1600712. What is the hundreds digit of r?
0
Let c(k) = -38*k - 112. Let g be c(-20). What is the units digit of ((-28)/(-16) + -3)/((-2)/g)?
5
Suppose -38*p + 2440 = -43*p. Let i = 794 + p. What is the hundreds digit of i?
3
Let p be 6/8 + 3/(-4). Suppose p = 3*k - 213 - 12. What is the units digit of k?
5
Let g = -18 + 13. Let j be (g + -1)/(-5 - (-18)/6). Suppose -j + 0 = -b. What is the units digit of b?
3
Let z(t) = -34*t + 10265. What is 